14). Let j be (0/(-2))/(-1 - 0). Suppose d = 3*y + 5*o - 57, j = -y + 3*y + 3*o - 37. Is y prime?
False
Let s(n) = 38*n - 2. Let q = 47 - 35. Is s(q) composite?
True
Let w be (2/3)/((-2)/(-21)). Suppose w*u - 2 = 6*u. Suppose -u*c - 1557 = -5*c. Is c composite?
True
Let m be (5/3)/(55/66). Suppose 20 = 5*t, 3*t = -0*g + m*g - 2276. Let z = g - 423. Is z a prime number?
False
Let n(r) = 3*r**2 + 69*r - 1. Is n(-28) composite?
False
Let z = 37 + -32. Suppose 10 = -0*r - z*r. Is (15 + -61)*1/r composite?
False
Suppose -2*g + j - 12 = 5*j, 4*j + 12 = 2*g. Let t = 16 - g. Suppose p - 174 - t = -2*v, -4*p + 202 = 2*v. Is v a prime number?
False
Suppose 0 = 2*f - g - 59 - 1669, -5*g = f - 875. Is f composite?
True
Let x(w) = 5 + 0 - 1 + 11*w**2 - 12*w. Let z be x(10). Let l = z + -503. Is l a composite number?
True
Let l = 4 + -1. Suppose -u = 4*u. Suppose -f + 3*r + 71 = u, l*r + 78 = 3*f - 111. Is f prime?
True
Let w = -53 + 57. Suppose 20 = -w*l - l, -3*g + 4*l + 895 = 0. Is g composite?
False
Suppose -12 = -2*l - 2. Suppose 5*x + 1535 = l*v, 5*v + 2*x - 1531 = 6*x. Is v composite?
True
Suppose 4*v - 112 = -0*v. Let m be v + (-12)/16*-4. Suppose -i = -0*i - m. Is i prime?
True
Suppose 2*z - 8 = -20. Let h be (4/6)/(z/(-18)). Is ((-154)/(-4))/(h/4) prime?
False
Suppose -12 = -4*y + 4*o, 0 = -2*y - o - 4*o + 6. Suppose -f - 2*f - 273 = -y*g, 0 = 3*g - f - 279. Is g prime?
False
Let a = -28 + 28. Suppose 0 = -v - 0 + 5. Suppose -785 = -5*r + d, -v*d = 5*r - a*d - 785. Is r composite?
False
Let l = 24 + -24. Suppose l = -2*b - 0*m - 5*m + 671, 4*b + 5*m = 1317. Is b composite?
True
Let o(n) = 23*n - 6. Let b be o(2). Suppose -b = -4*w - 0*w. Is (0 - -382)*w/20 composite?
False
Is (-270)/(-180)*226*73/3 a composite number?
True
Let n(g) = -3*g + 2*g**3 + 2*g - 2*g**2 - 2*g - 5. Let l = 1 + 3. Is n(l) prime?
True
Let q be -2383 - 5 - (0 + 2). Let c = q + 3625. Suppose -5*d + 670 = -c. Is d prime?
False
Suppose 6 - 26 = -4*u. Let n(z) = -z**2 + 4*z**2 - 2*z - 7 - u*z. Is n(13) composite?
False
Let u = 8039 - 3862. Is u a prime number?
True
Let v = 472 - 35. Is v a prime number?
False
Suppose -4*a + 2*j = -6, 2*a - 11 = 3*a + 2*j. Let d be -3 - (5/a - 2). Is d*(2/(-4) - -3) composite?
True
Let k(s) = -s**3 + 13*s**2 + 4*s + 3. Let o be k(10). Let x = 930 - o. Is x a prime number?
True
Suppose f - q + 14 = -13, -4*f + 5*q = 106. Let r = f + 32. Suppose -741 = -4*h + 5*k, -4*k + 0*k - 557 = -r*h. Is h composite?
False
Let d be (-6)/((-5)/(-2) + -4). Let p(f) = 3*f**3 + f**2 - 2*f - 9. Is p(d) a composite number?
False
Let u be (1264/(-12) + -1)/((-2)/(-6)). Let z = 1226 + u. Is z a composite number?
False
Let a(y) = -16*y + 39. Let i be a(9). Let t = 308 + i. Is t prime?
False
Let u be (-7 - 69/(-9))*(-9)/(-2). Suppose 8*a - u*a + 620 = 5*d, -4*a - 375 = -3*d. Is d a composite number?
True
Let l be (-2)/((-20)/(-12) + -1). Let a = -1 - l. Suppose -4*d = -0*c - a*c + 122, -d + 3 = 0. Is c prime?
True
Suppose -3*t - 3*x = 2*x - 67, -5*x = 2*t - 43. Suppose 5*q - 4*q = t. Suppose 28 + q = 2*p. Is p a composite number?
True
Let x(w) = -648*w + 239. Is x(-29) composite?
False
Let q be (2/(-2))/(1/17). Let f be (-369)/82*(-148)/(-6). Let x = q - f. Is x composite?
True
Suppose 0*q = -2*l + 4*q + 60, 3*q = 5*l - 185. Suppose -2*b - 2*b = -l. Suppose 1021 = 4*u + 3*i, -2*i + 4*i + b = 0. Is u a prime number?
False
Let f(p) = 23*p + 7. Let c(t) = -5*t**2 + 6 + 3*t**2 - 3*t + 2*t**3 - 4 + 2. Let r be c(2). Is f(r) a composite number?
True
Suppose -3*m + 5*i = -25, -5*m - i - 5 = -0*i. Suppose -3*k = -4*b - 1573, -2*k + 5*k - 5*b - 1571 = m. Let y = k + -234. Is y composite?
False
Let m(u) = 8*u**3 - 3*u**2 + 8*u - 71. Is m(6) a prime number?
True
Let b = -95 - -401. Suppose 5*p = -5*m + b - 41, 0 = -3*p + m + 163. Let x = p - 17. Is x a prime number?
True
Let f(s) = 177*s - 61. Is f(12) prime?
True
Let f = 4 + 0. Let w be (6578 - -2)*(-6)/f. Is (2/6)/((-14)/w) a composite number?
True
Is ((-28662)/(-8))/((-30)/(-40)) a prime number?
False
Let b be 3 - (3 - 0) - -8. Let y(z) = -b*z**2 - 2*z - 4 + 9*z**2 + 4*z + 0*z. Is y(9) prime?
False
Suppose 4592 = -4*l + 664. Let j = -251 - l. Is j a composite number?
True
Let f = 484 + 765. Is f a composite number?
False
Is -7*1*(-1239757)/679 a prime number?
True
Let i(d) = -54*d + 28. Let j be i(17). Let k = j - -2401. Is k prime?
True
Let a(i) = -i**3 + 7*i**2 - 11*i - 1. Let q be a(4). Is 266/2 - q - 3 a prime number?
True
Is 37304/(-16)*2*-1 a prime number?
True
Suppose 5947 - 42074 = -7*g. Is g a composite number?
True
Is (-1761)/((3 - 12) + 6) composite?
False
Let d be 17/68 + (-14)/(-8). Suppose 5*b - 2*s = -0*s - 965, 5*s + 357 = -d*b. Let v = b + 390. Is v composite?
False
Is (0/(-2) - -1)*(-23934)/(-6) composite?
False
Suppose -7*p + 0*p = -2807. Suppose 0 = 5*w - 4*n - 2061, -w - 7*n + 5*n + p = 0. Is w a prime number?
True
Let y(u) = 1229*u - 329. Is y(6) prime?
False
Let x(g) be the second derivative of -g**4/12 + 7*g**3/6 + 3*g**2/2 - 3*g. Let s be x(7). Suppose h - 37 = -w + 4*w, 0 = 5*h + s*w - 185. Is h prime?
True
Let j(o) = 2*o**2 - 28*o + 79. Is j(23) a composite number?
True
Is (-211669)/(-17) - (-10)/(-85) prime?
True
Suppose 0*c + 2*c + 4*d + 26500 = 0, -2*c + 5*d = 26473. Let m be 4/(-10) + c/(-10). Let f = -693 + m. Is f composite?
False
Let s be (4/(-2))/((-7)/14). Let x = 1221 + -337. Suppose -s*i = 2*y - x, 0 = 3*i - 5*i + 4*y + 442. Is i a composite number?
True
Let i = 55 + -49. Is (-1 + 260/i)*3 prime?
True
Is ((-25827)/(-9))/(1/3) a prime number?
True
Let i(r) = r - 2. Let o be i(-8). Is ((-82995)/o)/11 + (-3)/2 composite?
True
Let r = -1743 - -2854. Is r a prime number?
False
Is -6 - (2 - -509)*-3 a composite number?
True
Suppose n - 11 = -4*x - 2*n, 2*x + 1 = 5*n. Suppose 0 = x*i - 5*i - 4*o + 199, -3*i = 3*o - 195. Let r = 152 - i. Is r prime?
False
Suppose 11*f = -0*f + 90101. Is f composite?
False
Suppose -2*n + 5*x = 2*n - 48, 0 = 3*n + 2*x - 59. Suppose -n*p + 2898 = p. Is p composite?
True
Let u(q) = -5*q**3 + 2*q**2 + 5*q - 1. Let s(p) = -6*p**3 + 3*p**2 + 6*p - 1. Let j(l) = 4*s(l) - 5*u(l). Let c be j(2). Suppose -13*d - 838 = -c*d. Is d prime?
True
Let b = -2095 - -4056. Is b prime?
False
Suppose 114 = -4*c + 6. Let d = 29 + c. Suppose -49 = -y - d*g + 78, 496 = 4*y + 5*g. Is y a composite number?
True
Let j be (16/(-3))/(5/885*-2). Suppose z - 482 - j = -3*i, -2*z = 4*i - 1270. Is i a prime number?
False
Let v(k) = 2*k + 3 - k - k**2 + 3*k. Let j be v(5). Is 0 + j + 395 + 2 a prime number?
False
Let v(x) = x**3 + 2*x**2 - 9*x + 1. Suppose 21 - 119 = -14*c. Is v(c) a prime number?
True
Let a(q) = q**3 - 10*q**2 - 10*q - 8. Let k = 18 + 15. Suppose -5*c = -22 - k. Is a(c) prime?
True
Let f be (-50)/6 + (-10)/15. Let d be (-4)/12 + (-3)/f. Suppose 0 = -l - d*l + 79. Is l prime?
True
Is 6/4 + 547231/122 prime?
False
Suppose -5*g - 866 = 44. Let d = 300 + g. Is d prime?
False
Let o = 1365 - 483. Suppose -4445 = -5*g + 2*y, -o = -g - 3*y + 2*y. Is g a composite number?
False
Suppose -3*b = -2*g - 5405, 529 = -3*b - 4*g + 5928. Is b a composite number?
False
Suppose k = -8*k + 18594. Suppose -5*x = -7501 + k. Is x prime?
True
Let k(o) = -o**2 - 14*o + 4. Let y(f) = f**2 + 15*f - 3. Suppose 24*s - 7 = 25*s. Let h(r) = s*k(r) - 6*y(r). Is h(11) a prime number?
True
Suppose 2*c = -10, -4598 = -3*p + 4*c + 55161. Is p prime?
True
Suppose 5*k = 2*u + 21781, -2*u + 10967 + 10822 = 5*k. Is k composite?
False
Suppose 41280 = 5*b - f, -3*f = 2*b - 10219 - 6310. Is b a prime number?
False
Suppose y - 3*g - 1681 = 0, 5*g + 4721 + 338 = 3*y. Is y prime?
True
Suppose 0*v - 2*v - 32 = 0. Let i = 17 + v. Is (-62)/(-8)*(i - -3) composite?
False
Suppose 3*p = -2*h - 1, -4*p - 4*h - 11 = -p. Is (-1)/p*(-2463 - 0) prime?
True
Let z(y) = 184*y**2 + 20*y + 63. Is z(-4) composite?
False
Let i be ((-14)/28)/(2/(-28)). Suppose 9*p = i*p + 230. Is p prime?
False
Let h = 85 + -127. Is ((-28)/h)/((-3)/(7551/(-2))) a prime number?
True
Let l = -92 + 91. Is (-8689)/(-3) - l - 12/36 composite?
False
Suppose 56259 - 215193 = -6*v. Is v a composite number?
False
Let i = -2712 + 5633. Is i a composite number?
True
Let x(l) = -137*l + 10. Let g(d) = -d - 2. Let j(v) = v**3 + 4*v**2 - 4*v + 8. Let p be j(-5). Let h be g(